t x be w(6). Suppose -2*r - 4*h = -3*r + 50, 4*r - x = h. What is the tens digit of r?
5
Let v = 36 - -37. Suppose -4*y = -v - 95. What is the units digit of y?
2
Let n(q) = 2*q - 7. Let w be n(6). What is the units digit of (0 - 22)/(w - 7)?
1
Let v(n) = n**2 + 7*n - 6. Let c be v(-7). Let w(s) be the second derivative of s**4/12 + 5*s**3/6 + s. What is the units digit of w(c)?
6
Let f be (-2 - -2)/(-4 - -3). Let o(s) = s + 2. What is the units digit of o(f)?
2
Suppose n = f + 4*n - 103, -3*f + 4*n + 283 = 0. What is the tens digit of f?
9
Let r be 62*4/(-8) + 2. Let d = -33 - -16. Let f = d - r. What is the units digit of f?
2
Let u(d) = 4*d**2 - 1 - 44*d + 24*d - 2*d**2 + 24*d. Suppose -1 = s + 2. What is the units digit of u(s)?
5
Let o(p) = -2*p**2 - 58*p - 36. What is the units digit of o(-24)?
4
Suppose -g - 5 = 2*r, 2*g - 3*r + 4*r - 5 = 0. Suppose g*j + 165 = 3*w + 2*w, 0 = 3*j + 12. What is the units digit of w?
9
Let a(f) = f**3 + 6*f**2 - f - 4. Let x be a(-6). Suppose 3*l + 0*p = x*p + 11, 4*p + 17 = 5*l. What is the units digit of l?
5
Let l(y) be the second derivative of y**4/12 + 4*y**3/3 + 5*y**2 - 13*y. Suppose 0 = c - 1, 5*t + 37 = 5*c - 3. What is the units digit of l(t)?
3
Suppose 4*y + 3*v + 5 = 0, -3*v - 1 - 5 = 3*y. What is the units digit of y?
1
Let q(i) = -i + 7. Let p be ((-9)/(-6))/(3/8). Suppose 0*g - p*g = 36. What is the units digit of q(g)?
6
Let f(g) = g - 6. Suppose 4*p = -11 + 31. Let c be f(p). What is the tens digit of (13/(-2))/(c/2)?
1
Suppose -3*u = 3*w + 48, -9 = 2*w - u + 11. Let b = w + 13. What is the units digit of b?
1
Let i(b) = 5*b**2 - b - 2. Let r = 22 - 20. What is the units digit of i(r)?
6
Let d(a) = -116*a - 4. What is the hundreds digit of d(-3)?
3
Let h(u) = 4*u**3 - u**2 + u - 1. Let x be h(1). Suppose -j - 3*t + 14 = 0, -t - x = 2*j - 21. What is the units digit of j?
8
What is the tens digit of (-232)/2*(10/4 - 4)?
7
Let m(n) = n**2 + 6*n - 4. Let f be m(-6). Let r = -2 - f. What is the units digit of r?
2
Let v be (-52)/9 + 4/(-18). Let l = 5 + -7. Let c = l - v. What is the units digit of c?
4
Let p = 6 + 4. What is the units digit of (-23)/(-7) - p/35?
3
Let g = -23 - -40. Suppose -3*b - g - 1 = 0. Let y = 0 - b. What is the units digit of y?
6
Let u be 6/(-27) - (-1180)/45. Suppose m = u + 19. What is the units digit of m?
5
Suppose -f = -1 - 1. Suppose 2*x = -f*x + 8. Suppose -x*j - 12 = -4*j. What is the units digit of j?
6
Let o be 19/(-3) - (-1)/3. Let v = 52 - 52. What is the units digit of (v - -1)/(o/(-42))?
7
Let x = -24 + 33. What is the units digit of x?
9
Suppose -291 = -3*t + 4*a, -a - 314 = -5*t + 171. What is the units digit of t?
7
Suppose -4*b = 5*y - 3*y - 132, 0 = 4*y - b - 273. Let h = y + -40. What is the units digit of h?
8
What is the tens digit of 23/2 + (-3)/(-2)?
1
Suppose -5*g = -5*v + 25, 0 = -g - 3*v + 10 - 3. Let a(y) = y**2 + y. What is the units digit of a(g)?
2
Let g = 2 - 3. Let b(p) = -2*p + 1. Let f be b(g). Suppose i - 3*u + 10 = 0, -6*i + i = -f*u - 10. What is the units digit of i?
5
Let t be (-8)/32 - (-41)/4. Let v be ((-8)/t)/((-4)/(-90)). Let x = v + 30. What is the units digit of x?
2
What is the units digit of (-3)/6*(3 - 65)?
1
Let p(u) be the second derivative of u**4/12 - u**3/6 + 6*u**2 + 4*u. What is the units digit of p(0)?
2
Let g(k) = 23*k + 1. Let i(l) = 70*l + 3. Let v(u) = -7*g(u) + 2*i(u). What is the units digit of v(-1)?
0
Let n(d) = -d**2 - 8*d - 8. What is the units digit of n(-5)?
7
Let v(r) = 11*r**2 - 1. Let d(o) = o**2 + 7*o + 5. Let n be d(-6). Let g be v(n). Let q = 4 + g. What is the units digit of q?
4
Suppose 5*c = -p - 13, -5*c = -p - 2*p + 21. Suppose p*a + 2*a - 28 = 0. What is the units digit of a?
7
Let b(w) = 3*w - 13. Let g be b(11). Let f be (-16)/g*20/2. Let k(v) = v**2 + 7*v + 10. What is the units digit of k(f)?
8
Let m(x) = x**3 - 2*x**2. Let h be m(2). Suppose h = 4*l - 54 - 22. What is the tens digit of l?
1
Let n(o) = 28*o - 45. What is the units digit of n(14)?
7
Let r(s) = -s**3 + 9*s**2 - 10*s + 8. Let o be r(7). Suppose 0 = 4*m - 2*c - o, 2*m - 14 = 3*c - 0*c. What is the tens digit of m?
1
Let k(v) = 25*v**2 + 3*v + 7. What is the hundreds digit of k(-2)?
1
Suppose 0 = -2*d - 3*d + 285. Suppose -4*x + d = -3*h, -4*x + 8*h - 4*h = -56. What is the tens digit of x?
1
Let y = 1 - -31. What is the units digit of y?
2
Let w(f) be the second derivative of f**4/4 + f**3/3 + 4*f**2 + 4*f. What is the tens digit of w(-4)?
4
Let f(t) be the third derivative of -t**4/24 + 3*t**2. Let n be f(5). Let a = 6 + n. What is the units digit of a?
1
Let m = 2 + -2. Suppose 0 = c - m*c. Suppose -2*w - 10 = 0, c*w + 13 = 3*g - 2*w. What is the units digit of g?
1
Suppose -8*u - u = -2232. What is the hundreds digit of u?
2
Let q(v) = v**3 - 5*v**2 + 2*v - 7. Let u be q(5). Suppose 2*n = -4*z + 4*n + 16, -z = -u*n - 14. Suppose 0*s - z*s = -26. What is the tens digit of s?
1
Suppose 51 - 15 = -4*y. Let d = y - -17. What is the units digit of d?
8
Let k = 27 + 264. What is the units digit of k?
1
Let g(r) = r**3 + 6*r**2 + 6*r + 10. What is the units digit of g(-4)?
8
Suppose 91 = 2*x - 3*k, 0 = -6*x + 3*x - 2*k + 156. What is the units digit of x?
0
Suppose a - 2*a = 0. Let h be (-8)/28 + 18/14. Let o = h + a. What is the units digit of o?
1
Let f(g) = 324*g**3 + 3*g - 2. What is the units digit of f(1)?
5
Let b be 18/30 - (-16)/(-10). What is the tens digit of (12 - (-1 - b))*1?
1
Suppose -3*w + 4*g + 77 = 0, 0 = -5*w - 6*g + g + 175. Suppose b - 34 = 4*u + w, 3*u + 3*b + 45 = 0. Let c = -9 - u. What is the units digit of c?
7
Suppose 2*w = 4*w - 108. Suppose -3*g - w = y - 20, y + 38 = -5*g. What is the units digit of (3/(-6))/(2/y)?
7
Suppose -k = -5*k + 12. Suppose 8 + 4 = 3*j + k*x, x + 14 = 5*j. What is the units digit of j?
3
Suppose 144 = 5*z + 3*j, j + j - 6 = 0. What is the tens digit of z?
2
Suppose 7 = -5*u + 72. Let c = u - 0. What is the units digit of c?
3
Let n(c) = 8*c**2 - 1. What is the units digit of n(1)?
7
What is the tens digit of 92/3*3 - 6/2?
8
Suppose 2*h + 12 = -2*h. Let n(m) be the third derivative of m**5/30 + m**4/8 - m**3/2 + 2*m**2. What is the units digit of n(h)?
6
Let b be ((-118)/(-6) + -3)*3. Suppose 3*q = 8*q - b. What is the units digit of q?
0
Let p(x) = 2*x - 1. Let m(o) = o**2 + 3*o - 3. Let y be m(-5). What is the tens digit of p(y)?
1
Suppose b + 5*i = -19, 5*b - 14 = 4*i + 36. Let v be -1*b/((-4)/(-2)). What is the units digit of (-2)/6 - 22/v?
7
Let p(q) = q**2 + 7*q - 6. Let w be 3 + (3 - 4) - 10. Let j be p(w). What is the units digit of -1 + j + 5 - 2?
4
Suppose -3*n = -4*u + 3*u + 131, -575 = -5*u - n. Let l = -67 + u. What is the units digit of l?
9
Suppose g - z - 4 - 1 = 0, 6 = -2*z. Let f be (g/4)/((-1)/(-4)). Suppose -4*a + f = -2. What is the units digit of a?
1
Let s be (-3 + 0)/(-6)*2. Let u be s/(-4) - (-27)/12. Suppose 3*b + 2*b = 3*n + 17, -n - 6 = -u*b. What is the units digit of b?
1
Let q(k) = -k**2 - 5*k + 5. Let o be q(-8). Let f = o - -58. What is the units digit of f?
9
Let a(l) = 11*l + 16. Let g(r) = -r + 1. Let m(q) = -a(q) - 6*g(q). What is the units digit of m(-12)?
8
Suppose -3*m = -4*z - 112, -3*m = -m + z - 60. What is the units digit of m?
2
Let i = 40 - -6. What is the units digit of i?
6
What is the units digit of 2 - 6 - -3 - -232?
1
Let r(j) = -j**2 - 10*j - 7. Let d be r(-9). What is the units digit of 1/2 - (-1)/d?
1
Let u(b) = b + 1. Suppose -3*z = -5*z + 6. Let d be u(z). Suppose h = -d*p + 3*h + 20, 0 = p + 5*h - 5. What is the units digit of p?
5
Suppose 0 = -37*i + 38*i - 134. What is the tens digit of i?
3
What is the hundreds digit of (1 - 4*1/4) + 378?
3
Let i = -1 - -3. Let r be ((-6)/(-4))/(1/i). What is the units digit of r + 0 + (-1 - -2)?
4
Suppose -29 = 3*z - 89. What is the tens digit of z?
2
Suppose 5*f - 55 = -0*f. Suppose 0*b + f = b. What is the units digit of b?
1
Let g be (-28)/7*(-1)/2. Suppose 2*z - 22 = -g*f, 5 = 3*z - 5*f + 12. What is the units digit of z?
6
Suppose -5*w - 23 = -k, 0 = 4*k + 7*w - 2*w - 67. What is the tens digit of ((-14)/3)/((-4)/k)?
2
Let o(t) = -3*t - 9. Let n be o(-4). Let g(v) = -v**3 + 6*v**2 + 4*v - 3. What is the tens digit of g(n)?
3
Suppose -4*u = -3*c - 101, -4*c - 9 = -2*u +